)?
-9
What is the value of 2 + (3 - (-4 - -7) - (4 - -4))?
-6
What is the value of 192 - 185 - (10 + 1)?
-4
(-81 - -81) + 0 + (1 - 0) - -11
12
(7 - 5 - (2 - -2)) + -9
-11
What is the value of 14 - ((-6 - 11) + 35)?
-4
Calculate 7 + (1 - 0) + (-288 - -279).
-1
What is 9 + -11 + 2 + -2 + 5 + -12?
-9
(-1 - -21) + -15 + 2 + 13
20
What is the value of 20 - (59 - ((17 - -3) + -8))?
-27
Calculate -6 + -1 + 4 + (34 - 34).
-3
What is -12 + 2 - (-22 - (25 - 40))?
-3
Calculate (1 - 0) + 2 - (-52 - -63).
-8
What is 0 + -13 - (-1344 - -1338)?
-7
What is the value of 26 + 11 + 4 + -12 + -2 + -8?
19
-12 + 58 + -60 + -9 + -2
-25
Calculate 3 + (1 + 4 - (5 + 6)).
-3
What is 2 + 5 - ((-6 - -3) + 16)?
-6
What is 19 - (-22 - -29) - (7 - -24)?
-19
-63 + 67 + (-1 - 5) + -4
-6
(6 - (6 + -4)) + -4 + (-4 - 13)
-17
What is the value of 36 - (31 + (-17 - -10))?
12
14 + -31 + -10 + 36
9
Calculate (75 - 72) + 4 + 0 + 20 + -4.
23
Calculate -10 - (3 - 2) - (-2040 - -2028).
1
What is the value of -20 + 65 + 3 + -39?
9
What is the value of -20 - -21 - (4 - (-3 + 6))?
0
Evaluate 8 + -22 + 6 - (2 + -13).
3
Calculate -1 - -17 - (-283 - -277).
22
What is (12 - 22) + (4 - (5 - 11) - 5)?
-5
What is the value of (-7 - 3 - -6 - 7) + 9?
-2
Calculate 3 + (-8 - (-5 - 6) - (-1 - -1)).
6
7 - 12 - (14 + -32)
13
(-11 + 2 - (-34 - -16)) + -9
0
What is the value of -1 + -24 + 221 + -201?
-5
What is 3 + -9 - (-11 - -11) - 5?
-11
Calculate -5 - 21 - -13 - -8.
-5
Calculate (-8 - -31) + -32 - ((0 - 3) + -13).
7
What is 20 + (0 - 18) - 29?
-27
What is the value of (7 + 6 - (4 - 0 - -3)) + -1?
5
(-14 - (0 + 4)) + 4 + 1 + 4
-9
(1 - 13) + (300 - 297)
-9
117 + -92 - ((4 + 1 - 4) + -3)
27
Evaluate -10 + (0 - -12 - 6 - 5).
-9
What is 30 + (-53 - -18) + -17?
-22
Calculate -5 + (4 - 0) + (-62 - -72).
9
What is 4 - (-8 + 15) - (-1 + 15)?
-17
682 - 703 - (0 + 2 + -5 + -4)
-14
4 + -16 + (1 - 4) + 16
1
What is 0 + -1 + (-26 - -16) + 6?
-5
Evaluate -8 + -26 + 11 - -42.
19
Evaluate 13 - (30 + -24 - (-5 - -22)).
24
What is the value of -2 + 2 + -7 + (129 - 115) - 18?
-11
Evaluate 12 - (11 + -5 + 3).
3
(14 - 1) + -199 + 190 - -12
16
What is 25 + -6 + 28 + -27?
20
What is -2 + 31 + 1 + -34?
-4
23 + -10 + -9 + 10
14
What is the value of -11 + (14 - 3 - -5)?
5
5 + 13 + -1 + -15 + -1 + -2
-1
Evaluate 27 - (1 + -3 - (-198 - -182)).
13
What is the value of 13 + 8 + -35 + (1 - (1 - 3))?
-11
What is the value of -10 - ((4 + -1 - 17) + (-30 - -22))?
12
What is the value of 21 - (11 - 0) - (3 + 0 - 3)?
10
What is 18 + -8 + -28 + -3 + -13?
-34
What is 4 + (-3 + 0 - -4) + -325 + 329?
9
Calculate (-21 - -1) + -7 + 31 + -6 + -12.
-14
What is the value of (0 - 11) + 49 + -43 + (-4 - 0)?
-9
20 + (8 + -52 - -9)
-15
What is the value of (18 - (6 - 16) - 12) + -1?
15
Calculate -27 - (-10 - (13 - 11)).
-15
What is (24 - 43) + -1 - -7?
-13
What is 9 - (7 - 2) - 1 - (10 - -5)?
-12
52 + -42 - ((1 - -13) + 3)
-7
Calculate 19 + -13 + 13 + -12.
7
(23 - 1) + 3 + (-2 - (0 - -5))
18
What is the value of (-2 - (1 + -3)) + (-2 - (-18 + 5))?
11
5 - ((-2 - -2) + -3 + 2 + -2)
8
Evaluate (11 - (-13 + 20)) + 4.
8
Calculate 0 - -9 - 12 - (-8 - (-5 + 3)).
3
Calculate 34 + -33 - ((-4 - -1) + 15 + 4).
-15
-1 + -1 + 9 - 2 - -2 - 0
7
What is 2 - (6 + 2 - (21 - -1))?
16
What is the value of -32 + -1 - (-6 - -5) - (-1133 + 1126)?
-25
What is the value of -4 - 2 - (28 + -48 + 14)?
0
Calculate 18 + 1 + -3 + (-7 - -1).
10
What is (1 + 3 + 5 - 3) + -5?
1
(13 - 11) + 16 + -14
4
What is 53 - 79 - (-4 + -4)?
-18
Calculate -10 + 16 - 7 - -31.
30
Evaluate -11 + 16 + -34 + (20 - 11).
-20
Calculate -14 + -9 + 7 + -15 + 24.
-7
Calculate (8 - (-8 + (-4 - -10))) + -8.
2
What is -18 - (-4 + 21 + -26)?
-9
What is 6 + (10 - -27) - 22?
21
Evaluate (-21 + 3 - 5) + 37.
14
What is the value of -12 + 9 + 6 - (22 + -11)?
-8
What is the value of 2 + -23 + -2 - -20?
-3
Calculate -5 - -4 - 3 - (481 - 516).
31
Calculate -32 + 12 + 22 + 0 + -20.
-18
Calculate 0 + -2 - (-9 - (11 - 6) - -29).
-17
-44 + (-58 - -93) - (-1 - 10)
2
Evaluate -13 + 31 + -16 + -29 - -4.
-23
Calculate 9 + -18 - (2 - 1 - 12).
2
What is -18 + -2 + (17 - 6) + 14?
5
What is -9 + (-33 - -18) + 13 - -47?
36
What is the value of 20 + (7 - (0 - 1 - (17 + -31)))?
14
(4 - 0) + (-53 - -58) - 21
-12
What is the value of 3 + -1 + 1 + -10 + 17 + 3?
13
Calculate (-3 + -4 - (-16 + 8) - -5) + -23.
-17
What is the value of (0 - -3) + (4 - 11)?
-4
What is the value of 21 - ((-9 - (0 - 2 - -2)) + 4)?
26
Evaluate 19 - 55 - (27 + -55).
-8
(2 + -1 - 15) + -80 + 62
-32
-13 - 10 - (-11 + (-6 - -9))
-15
Calculate 0 - (0 - 10) - (533 - 534).
11
-9 + -16 + (-2 - -15)
-12
-50 - -54 - (13 - (3 - (1 + 1)))
-8
What is the value of 7 - (1 + 8 - (86 + -86))?
-2
Calculate -3 - -6 - (5 + -5) - -11.
14
Calculate -44 + (-36 - -9 - -69).
-2
Evaluate -8 - (4 - (12 + -3)).
-3
What is (4 - 0 - (139 + -143)) + 8?
16
What is (478 - 460) + -5 + -1?
12
What is the value of -1 - 8 - (12 + -23 - 0 - -12)?
-10
What is (12 + 11 - 30) + (1 + 0 - 3)?
-9
What is the value of -1 + -7 + (-3 - (18 + -4 + -15))?
-10
What is the value of 3 + (23 + -24 - 4)?
-2
Calculate 10 - ((-3 - -9 - 15) + 30).
-11
0 + 0 - (7 + 1 + (4 - 20))
8
What is (-32 - -34) + -8 + -4 + -8?
-18
Calculate 1 + -2 - (7 + 7 + -39).
24
What is the value of -1 + 5 + (-6 - 12) + 24?
10
What is the value of 1 - 2 - (-8 - -6) - 6?
-5
Calculate 4 - (-4 - -9) - (-173 + 160).
12
Calculate -18 + (10 - -7 - 11 - -3).
-9
What is the value of 2 + 15 - (126 - 113)?
4
What is 8 + (-6 - (-2 + 5 + -4) - -16)?
19
What is the value of -10 + 10 + 5 - 16?
-11
What is 3 - (11 + (-3 - 3)) - -15?
13
What is (13 + -6 - 19 - -23) + -14?
-3
-7 + -8 + 21 + -6 + -8
-8
What is (-4 - 2) + -81 + 86 + (1 - -1)?
1
What is the value of 5 + (-13 - 0) + (-4 - -2 - -8)?
-2
What is (-3 - -11 - 1) + (-30 - (6 + -16))?
-13
What is the value of 7 - 11 - (8 - 6 - (-11 - 1))?
-18
Evaluate 4 - (30 + (-13 - (1 + -2))).
-14
What is (-17 - -13 - 4) + (13 - 2) + -25?
-22
What is the value of 8 - (13 + -15 + 16)?
-6
Evaluate -2 + -1 + (-13 - -12) + 21.
17
What is -1 + -1 + 10 + -12 + 1 - -16?
13
What is the value of 0 + -17 + (5 - (-19 - (-7 + -9)))?
-9
Evaluate 13 + 0 + 3 + -7 + 2.
11
-1 - -1 - 13 - (15 - -3)
-31
What is the value of 2 - -13 - -2 - (13 + -14 + 8)?
10
-3 + 0 + 2 + 22 - (0 - -5)
16
What is (1 - (8 + -1)) + 2 + -551 + 554?
-1
Evaluate -5 - (3 - 19 - -5) - (-32 + 22).
16
What is (0 - (8 + (1 - -3))) + -5 + 6?
-11
-8 - -3 - (1 - 1 - 12)
7
Calculate (-11 - (-10 - 2)) + -5.
-4
Calculate (3 - (3 - (9 - (-6 - -14)))) + -13.
-12
Evaluate (-8 - -1 - (-29 + 27)) + 14 + -15.
-6
Evaluate 91 + -103 - (-15 - -2).
1
-2 + (1 - 3) + 1 - (7 - -3)
-13
What is the value of -12 + (-10 - -15 - 0)?
-7
What is the value of -7 + -1 - (-336 - -328) - (-18 - 2)?
20
Evaluate 34 - (-7 - -14 - (2 + -5 + 6)).
30
Evaluate 3 + (-15 + (-10 - -5) - (-5 - 0)).
-12
Evaluate 20 + (-33 - (-33 + 17)).
3
Evaluate (-43 - (-19 - 0)) + -4.
-28
Evaluate 8 - (3 - -8 - 19 - -10) - 4.
2
What is the value of (-8 - (8 - -2 - 8)) + -16?
-26
-9 + -8 - -19 - 17
-15
Calculate -22 - -30 - (8 + -1 + 9).
-8
What is 21 + (-41 - (10 - 35))?
5
-2 - (-5 + (-9 + 6 - -6))
0
Calculate -3 + 1 + 1 + -4 + 20 + -29.
-14
3 - 1 - ((13 - (6 - 0)) + 4)
-9
What is the value of 3 - (14 - 14) - 4?
-1
What is the value of 19 + -5 + -30 + 11 + -1?
-6
Calculate (-3 + 5 + -1 - (-2 + 13)) + -7.
-17
Evaluate (33 - 61 - -26) + (34 - 0).
32
Calculate (-2 - -7 - 12 - (7 - 5)) + -15.
-24
What is the value of -8 - (-8 - (-28 - 4 - (17 + -24)))?
-25
-5 - (1 - 16 - (113 + -124))
-1
7 + -14 - (-2 + -4 + -1)
0
What is 2 + 13 + -7 + 11 + 2?
21
Evaluate (-14 - 3) + 18 + -5 + 1.
-3
What is the value of -2 + (-3 - 19) + 14?
-10
Calculate 5 + (-3 - (0 - (3 - 21))).
-16
7 - (22 - (4 + -5 - -6))
-10
Calculate 9 + (36 + -20 - 43).
-18
Evaluate 7 + (18 - 20 - (18 - 0)).
-13
Evaluate 6 + -3 + 10 + -25 + 15.
3
What is the value of (37 - 70) + (59 - -4)?
30
What is -15 + 6 - (0 - -5 - 15)?
1
Calculate -9 + (-33 - -14) + (-3 - (-1 + 7)).
-37
-1 + -15 + (91 - (18 - -34))
23
(-8 - (0 + -16)) + -7 + 4 + -13
-8
What is the value of (4 - 6) + (0 - -6) + 5?
9
0 + -5 + 30 + 13 + 2 + -31
9
Calculate 4 - (9 + 4 - (1 + (0 - 1))).
-9
What is the value of (-21 - -22) + 5 + 18?
24
-1 + 7 + -1 + -6 + 7 + 5
11
Evaluate (3 - (6 + (-2 - 3 - -